 -u**3 + u**2 + u - 1. Let s(k) = -o(k) - 6*r(k). What is s(w)?
14
Let o(k) = -2*k - 11. Let y(i) = i + 6. Let z(l) = 2*o(l) + 5*y(l). Let w(j) be the first derivative of -8*j**3/3 - j**2/2 + 10. Let t be w(-1). Give z(t).
1
Suppose -5*m + 150 = -4*o, 0*o - 2*o = -4*m + 114. Let p(g) = -17*g - 2*g**3 + 44*g - m*g - 4*g**2 + 0*g**3. Give p(-3).
15
Let q = -2 + 5. Let o(v) be the third derivative of -v**7/1680 + v**6/180 - 47*v**5/30 + 36*v**2 + v. Let x(r) be the third derivative of o(r). What is x(q)?
-5
Let j(k) be the second derivative of 0 + 72*k - 7/6*k**3 + 5/2*k**2 + 1/12*k**4. What is j(6)?
-1
Suppose -4*u + 15 = 2*m + u, 0 = -4*m + 5*u - 15. Let d(o) be the first derivative of o**4/4 + o**3/3 - 9*o - 1742. Calculate d(m).
-9
Let q(s) = 17*s**3 - 71*s**2 + 87*s + 32. Let j(c) = 5*c**3 - 24*c**2 + 29*c + 11. Let l(d) = -10*j(d) + 3*q(d). Give l(-28).
14
Let u(o) be the first derivative of -4*o**2 - 83*o - 2254. Give u(-11).
5
Let m(t) = -4*t - 15. Suppose -u - 3 = -2*y, -2*y + 12*u - 1 = 7*u. Let l(i) = -17*i - 59. Let n(c) = y*l(c) - 9*m(c). What is n(-12)?
-7
Let f(g) = -4*g + 2*g + 2*g + 13*g**3. Let v = 187 - 168. Suppose -k - v = 5*t, 4*k + 5*t - 7 + 23 = 0. Give f(k).
13
Let b = 310 + -307. Let p(h) = -6*h**2 - 4*h**b - 7*h + 3 + 3*h**3 - 2*h**2 + 1. Calculate p(-7).
4
Let f be (-35 + 13 - -21) + 2/(0 + 2). Let c(d) = -3*d + 23. Determine c(f).
23
Suppose -3*q + 94 - 104 = 4*o, 2*q = 5*o - 45. Let p(d) = -d + 2*d + 0*d - 2 + 0. Determine p(o).
3
Let a be (2 - (3 + 1)) + 4. Let l(f) be the third derivative of f**5/60 - f**4/24 + f**3/2 - f**2 - 1745*f - 1. Give l(a).
5
Let z(q) be the first derivative of q**4/4 - 8*q**3/3 + q**2/2 - 6*q - 10. Let k be z(8). Let m(h) = -50*h**2 + h - 48*h**k + 99*h**2 - 5. Determine m(-4).
7
Let c(v) = v**3 + 8*v**2 + 8*v + 16. Suppose 3*q - 56 = 11*q. Let k be c(q). Let f(y) = 12*y - 30 + 20 - 3*y + k. Calculate f(-1).
-10
Let u(b) be the second derivative of -b**4/12 - b**3/3 + 5*b**2 - 2*b. Let r(a) be the first derivative of u(a). Let d be -1*-3*(-2)/(-3). What is r(d)?
-6
Let s = -53 - -44. Let q(j) be the third derivative of j**4/8 + 17*j**3/6 - 72*j**2 - 7. Calculate q(s).
-10
Let u be (-20)/(-14) - (-4)/7. Suppose 7*k + 387 - u = 0. Let g = 54 + k. Let w(h) = -3*h**3 - h**2 - h. Calculate w(g).
3
Let b(d) = -46 - 3*d**3 + 23 + 4*d**3 + 21 + 3*d - 4*d**2. Determine b(1).
-2
Let h be (-1)/((-2)/(-7)*38/(-152)). Let z(g) = 7*g - 93. Give z(h).
5
Suppose 255*z + 1034*z - 1745 = -456*z. Let s(d) be the second derivative of 0 + 3/20*d**5 + d - 1/6*d**3 + 1/2*d**2 + 0*d**4. Give s(z).
3
Let h(p) = 7*p**3 + 8*p**2 + 15*p + 16. Let b(f) = 9*f**3 + 9*f**2 + 16*f + 17. Let m(y) = -4*b(y) + 5*h(y). Give m(6).
6
Let x(v) = -33*v - 165*v + 11 + v**3 + 199*v + 15*v**2. Calculate x(-15).
-4
Let t(w) be the second derivative of w**4/12 - w**3/6 - 5*w**2/2 - w. Suppose -2*x = -y - 7, 0 = -2*x + 4*x + 5*y - 13. Determine t(x).
7
Let n(s) = -3*s**2 + 3*s + 1. Suppose 2532 = -4*l - 3*k, 5*l - 5*k = -435 - 2695. Let h = l - -628. Determine n(h).
-17
Let k(g) be the third derivative of -g**5/60 + g**4/24 + 29*g**3/6 - 7806*g**2. What is k(-9)?
-61
Let i(v) = v**2 - 12*v - 14. Let q(f) = -12*f + 4. Let x(r) = 2*i(r) - 3*q(r). Determine x(-9).
14
Let f(x) = x**3 + 2*x**2 - 3*x - 4. Let h be f(-3). Let y(l) be the first derivative of -3*l**2 - 3*l - 4333. Calculate y(h).
21
Let w(g) = 2286*g - 2109. Let p(u) = 61*u - 57. Let z(d) = -75*p(d) + 2*w(d). Give z(5).
42
Let x(u) = -17*u**2 + 37*u - 90. Let b(i) = -8*i**2 + 19*i - 43. Let s(k) = 13*b(k) - 6*x(k). Determine s(12).
-7
Let n(b) = 2*b**2 - 25*b - 34. Let f(j) = -757*j + 11368. Let r be f(15). What is n(r)?
-21
Let f(s) be the first derivative of 0*s + 0*s**3 - 96 + 1/2*s**2 - 15/4*s**4. Give f(-1).
14
Let j(u) = 4*u + 6. Suppose k + 2*o + 2 = 0, 12*o - 6 = 14*o. Calculate j(k).
22
Let c(g) = 2*g**2 + 9*g + 13. Let o be c(-4). Let z(y) = 2*y - 18. Let u be z(o). Let h(l) = 2 + 11*l - 9*l - l**2 + u*l**2. Calculate h(3).
-1
Let s(r) = -2*r**3 - 27*r**2 - 54*r - 9. Let j be s(-11). Let h(v) = -v**3 - 20*v**2 - 4*v - 75. Give h(j).
5
Let u(d) = d**3 + d**2 + 5. Let j(f) = -f**3 + 23*f**2 - 40*f + 24. Let b be j(21). Let y = b - 66. Give u(y).
5
Let c(h) be the second derivative of -h**5/20 + 7*h**4/12 - h**3/3 + 3*h**2 + h. Let b(y) = -5499*y + 22003. Let w be b(4). What is c(w)?
-8
Let f(k) = -k**2 - 6*k + 1. Suppose j - 16 = -t, -3*t + t + j + 29 = 0. Suppose 108 = -33*s + t*s. Calculate f(s).
1
Let u(r) = 33838*r**2 + 34 - 33839*r**2 - 15 + 3*r + 4*r. Calculate u(12).
-41
Let a(p) = 8*p**2 - 17*p**3 - 19 - p + 18*p**3 + 9 + 4 + 5*p. Determine a(-3).
27
Let k(x) = x**2 - 10*x + 22. Let o be k(3). Let r(s) = -o - 130*s**2 + 44*s**2 + 38*s**2 - s**3 - 6*s + 42*s**2. Determine r(-5).
4
Suppose 14901 = 21*x + 14922. Let h(i) = 23*i + 3. Give h(x).
-20
Let v(w) = w**3 + 7*w**2 + w + 4. Let z(u) = -u**2 - 8*u - 6. Let c be z(-9). Let s be (-135)/6 + (-1)/(-2). Let q = s - c. What is v(q)?
-3
Let n be 1 + 3 - (-4 + 0). Let a(g) = -11 + 7*g - 2 + 5 - n*g. Calculate a(-7).
-1
Let b(o) = 275291*o**2 - 275277*o**2 - 4 + 3*o + o**3 - 5*o. Determine b(-14).
24
Let j(m) = -m**2 + 4*m + 6. Suppose 2*g + 16 = 5*d - 3*d, -2*d + 5*g + 28 = 0. Suppose 7*h - d*h - 30 = 4*n, h - n - 9 = 0. Calculate j(h).
-6
Let o(u) = 2*u**2 + 8*u + 9. Let g be o(-4). Suppose 8*d - g*d = -4. Suppose y + 4 = -0*y, -16 = -d*b + 2*y. Let i(p) = -p**3 + 3*p**2 - 1. Calculate i(b).
3
Let g = 12926 + -12933. Let k(u) = -2*u + 5. Give k(g).
19
Let w be (-4)/(-42) + (-30450)/(-4410). Let r(v) = v**3 + 3*v**2 - 6*v - 5. Let d be r(-4). Let x(i) = 7 - 1 + 0*i**3 - i**d + 8*i**2 - 9*i. Calculate x(w).
-8
Let o(i) = -i**2 - 4*i + 3. Let j(s) = s**2 + 0*s - 4*s - 2*s. Suppose 19*y + 110 - 205 = -0*y. Let x be j(y). Give o(x).
-2
Let k = -4078 - -4065. Let g(c) = -c**2 - 8*c + 60. Give g(k).
-5
Let f(u) = -5 - 6 + u + 7. Let b = 14508 - 14511. Give f(b).
-7
Let g(l) = -6 - 11*l**2 - 6 - 4*l**3 - 13 + 3*l**3 - 13*l. Let h be g(-10). Let o(c) = -c**2 + 7*c - h*c + 2 - 7*c. What is o(-6)?
-4
Let r(v) = v**3 - 2*v**2 - v + 4. Let g = -1173 - -1175. Give r(g).
2
Let x(d) = -7*d + 2*d - 5 + 4*d + 3 + 0*d. Suppose 4 = -b - 3*z, 5*b - 22*z + 21*z - 44 = 0. Determine x(b).
-10
Suppose -3*b + 757 = 754. Suppose 2*t - t - 17 = -5*h, h + t = b. Let s(d) = d - d - 4*d. Calculate s(h).
-16
Suppose z + 2 = -0*z, d + z - 93 = 0. Let g(p) = -d*p - 99*p + 191*p - 14. Calculate g(-6).
4
Let d be (-4)/12 + (-26)/3. Let m(s) = -23*s**3 - 20*s**3 + 4 + 10*s**2 + 7*s + 79*s**3 - 35*s**3. What is m(d)?
22
Suppose -5*u - 35 = b - 7, -11 = 4*u - 3*b. Let v be (-140)/(-40) + u/2. Let o(y) = -y**2 + 2 - 2*y**2 + y + 0*y**2 - 3. Determine o(v).
-3
Suppose -12*y + 15*y = n - 20, 0 = 4*n - 3*y - 35. Let p(i) = -12 + 4*i**2 - 3*i**2 - 4*i + 0*i**2 + 0*i**2. What is p(n)?
-7
Suppose 6*l - 5*l + 6 = 0. Let y(h) be the first derivative of -1/4*h**4 + h**2 + 3*h - 2*h**3 + 8. Calculate y(l).
-9
Let x(u) = -u**3 + u**2 - 2*u + 2. Let a be (-27)/(-36) - 12/288*-6. What is x(a)?
0
Let v(z) = 8*z**2 + 38*z - 28. Let f be v(-11). Let j = f - 532. Let k(m) = -m**2 - 8*m + 12. Give k(j).
-8
Let u = 200 - 174. Suppose u = 7*x - 2. Let o(q) = -q**2 + 2*q - 4. What is o(x)?
-12
Let x = -105138 + 105133. Let p(v) be the second derivative of v**5/20 + 5*v**4/12 - v**2 - v. Determine p(x).
-2
Let u(k) be the third derivative of -1/3*k**3 + 0*k + k**2 + 1/6*k**4 + 25. Give u(7).
26
Let b(m) = 57*m**2 - 17*m - 24*m**2 + 65 - 39*m**2 + m**3. What is b(7)?
-5
Let q(v) = -21 - 16 + 13 + 7 - 2*v. Suppose 0 = x + 3*d + 23, 0 = -4*x - 3*d - 3 - 44. Calculate q(x).
-1
Let q = 3602 + -3626. Let p(u) = u**2 + 22*u - 45. Give p(q).
3
Let p(n) = -8*n + 2. Let u = 342 - 328. Let q be (-10 + (u - 7))/(-2 - -3). Determine p(q).
26
Suppose 5 = 9*g - 8*g. Let c(h) = 1. Let l(v) = v + 22. Let w(y) = g*c(y) - l(y). Determine w(-14).
-3
Let v(m) be the third derivative of -7*m**4/12 + 11*m**3 + 174*m**2 + 4*m + 1. What is v(12)?
-102
Let i(y) = -1 + 13*y + 917*y**2 - 461*y**2 - 5*y - 457*y**2. Suppose 16*d = 76 + 36. Calculate i(d).
6
Suppose 0 = f + 1, 5*z + 3*f = 28 - 21. Let x(p) = 6*p**2 + p - 3. Determine x(z).
23
Let u(x) = -x**2 + 3*x - 5. Suppose -16 = 2*y - 6*y. Suppos